f 2 - (15 + (-1 - 6))?
-6
4 + 1 - (-6 - (7 - 14))
4
Evaluate 0 + -13 + 9 + -1 + 2.
-3
What is (3 - ((-1 - -3) + 1)) + -5?
-5
What is the value of 2 + -5 + 8 + (3 - 0)?
8
1 - 0 - -1 - (29 - 32)
5
What is 13 + -20 + (9 - 2)?
0
What is (-1 - (0 + 2 + -6)) + 1?
4
Calculate 10 - (1 + (2 - -2)).
5
Evaluate -5 - -7 - (7 - 2).
-3
Evaluate 2 + -5 - -16 - 7.
6
What is the value of 6 + -6 + 1 - 5?
-4
What is the value of 5 + -48 + 45 + -7 + 0?
-5
Evaluate 1 + 0 + 3 + 1 + -3.
2
-7 + (-3 - (2 - 4 - 4))
-4
What is the value of 2 + -3 - 4 - (-3 + 2)?
-4
Evaluate (21 + -3 - 11) + 1 + -1.
7
7 - 7 - (-1 + (-3 - -4))
0
-29 + 32 + (0 - -1) + 2
6
-3 - -5 - 3 - (-5 + 2)
2
Calculate -7 + (6 - 4) + 3.
-2
Calculate (25 - 23) + (0 - 6).
-4
Calculate -2 + (-2 - -4) + 4.
4
3 - (3 + -4 + (7 - 2))
-1
Evaluate (1 - 10) + 0 + 5.
-4
What is (1 - 3) + 4 + -10 + 11?
3
Evaluate -10 + (16 - (13 + -4)).
-3
What is -3 + (-4 - 1) + 16 + -13?
-5
What is the value of (8 - 9) + 7 - 10?
-4
5 - (4 - (-4 - -3) - 2)
2
Evaluate -2 - (-2 - (-8 - -3)).
-5
Evaluate 1 - (3 + (-7 - -7)).
-2
Evaluate (-10 - 2) + 6 + -1.
-7
Calculate -4 - (-1 + 1 - (-10 + 16)).
2
Calculate -18 + 5 + 10 - 2.
-5
What is the value of -2 + (-6 + 3 + 1 - -1)?
-3
What is (46 - 39) + -3 + -1?
3
Evaluate 8 - (-10 + 20 + (-4 - -1)).
1
Calculate (-1 - 0) + (0 - 1) + 1.
-1
What is 0 + 8 + 0 + 1?
9
Evaluate 12 + (7 - (-5 - -18)).
6
Evaluate 7 + -1 + -230 + 232.
8
What is (-9 - (-8 + 6)) + 4?
-3
Evaluate (8 - 9 - 2) + -2.
-5
Calculate (1 - 0 - -1) + -1 + 1.
2
What is the value of -7 + (-3 - (-2 - (1 + 3)))?
-4
Evaluate 1 - (6 - (9 - 4)) - -2.
2
What is 0 + -3 - (-3 + -1)?
1
Evaluate (-3 - 1) + 8 - 3.
1
Evaluate 3 + -4 + -1 + 0.
-2
Calculate 2 + (-4 - (3 + -1)) - -5.
1
Calculate 14 + -11 - (-1 + 4).
0
What is the value of 5 - ((0 - (-5 + 9)) + 7)?
2
What is 1 + -1 - (-6 + 4 + 7)?
-5
Evaluate -8 + (7 - 12) + 10.
-3
Calculate 6 + (-1 - -1) + -2.
4
Evaluate (7 - 6) + (0 - 3) + -1.
-3
-10 + 0 + -24 + 39
5
What is the value of 8 + (1 - (19 - 10))?
0
What is the value of 9 - (-4 + 7) - 9?
-3
What is 0 + (0 - (5 + -5) - -2)?
2
What is -7 + 2 + 8 - 7?
-4
-3 + (-3 - (-2 - -1)) + 13
8
Evaluate -11 - -7 - (-2 + -2).
0
0 + (-1 - (-1 - -2))
-2
What is -3 + 6 - (-5 + 4)?
4
Calculate 12 + -4 + (6 - 12).
2
What is (-2 - 1) + 4 + 2?
3
What is 2 + -2 - (30 - 35)?
5
What is 4 + (-1 - 9) + 9?
3
Evaluate 0 - (-4 - (-4 + 2)) - 10.
-8
What is -12 - (6 + -14 - -1)?
-5
Evaluate -15 - (-23 - -11) - (1 + -2).
-2
What is 1 - (-4 - -2 - -4)?
-1
What is the value of -4 + (0 - 0) - 1?
-5
What is (8 - -5) + -24 - -14?
3
What is 0 - 0 - (35 - 33)?
-2
-1 + 11 + 6 + (-2 - 9)
5
What is the value of 14 - (3 + -9 + 13)?
7
What is the value of 2 - (-16 - -16 - (5 + -2))?
5
Calculate -2 + 5 + -2 - (-42 + 37).
6
8 + -3 + 4 + -10
-1
Evaluate -6 + (6 + -3 + 1 - 3).
-5
What is the value of -3 + (2 - 1 - -2) + 5?
5
Evaluate (22 - 23) + (3 + -2 - 6).
-6
What is the value of 44 - 54 - (-7 - -4)?
-7
Evaluate 0 + 1 + -3 - (33 + -25).
-10
-5 - (-9 + 3) - 3
-2
(-1 - 5) + (6 - -7) + -10
-3
Calculate 4 - (7 + -5 - (-1 + -1)).
0
28 + -30 - (2 + 1 + 0)
-5
12 + -1 + (-4 - (1 - 2))
8
Evaluate -42 + 33 + (-3 - -13).
1
Evaluate 3 + -9 + 23 + -22.
-5
Evaluate -4 + 1 - (-15 + -2 - -10).
4
6 - ((12 - 11) + (1 - 5))
9
0 + (-6 - 0 - -2 - -3)
-1
What is 4 + 7 + -2 + -8?
1
What is 10 + -10 - (1 - -4)?
-5
7 + -16 + (-1 - -5)
-5
What is the value of 0 + 1 + (1 - (3 + -4))?
3
(-12 - (-11 - -11)) + 10
-2
Calculate (73 - 67 - (-1 - -8)) + 9.
8
Calculate 3 - (0 + 1 + 3).
-1
(8 - 5) + -5 - -5
3
Calculate -6 - (3 + -6) - -4.
1
Evaluate -101 - -92 - (0 - 8).
-1
What is 72 + -75 - ((0 - -2) + 1)?
-6
What is 3 + -9 - (-6 + 3)?
-3
What is (-4 - -6) + (6 - 8)?
0
5 - (0 + 5 + -4) - 6
-2
Evaluate 11 - (0 + (5 - -3)).
3
What is the value of 0 + (0 - 3) + 7?
4
Evaluate 3 + 0 - (2 + 4 + -8).
5
Evaluate -6 - (-4 - 1 - -1 - -1).
-3
What is -9 - (2 + 1 - (7 + 1))?
-4
Evaluate 5 + (-5 - (2 + -14)) + -18.
-6
What is the value of 4 + -4 + -2 + 6 + -8?
-4
Evaluate (0 + 7 - 5) + -5.
-3
-1 + 0 + -19 + 20
0
What is the value of (-3 - (15 + -4)) + 7?
-7
Evaluate -5 + 1 + (-6 - -6).
-4
Evaluate -4 + 19 + -14 + 1 + -4.
-2
What is the value of 50 + -49 + -2 + (0 - 2)?
-3
Calculate (12 - 6 - 11) + -2.
-7
(32 - 35) + -4 + 2
-5
What is 16 - (23 + -5 + -12)?
10
Evaluate -1 + 1 + (4 - -1).
5
What is (-7 - 3) + (-4 - -7)?
-7
What is the value of (12 + -4 - 2) + 1 - 3?
4
3 + (-8 - (0 + -1 + 1))
-5
What is the value of -15 + (-7 + 8 - -6)?
-8
What is (-1 - (9 + -5 - 1)) + 5?
1
Evaluate (4 - (22 - 11)) + 1 + -1.
-7
What is 17 - 15 - (3 - (1 + 3))?
3
What is the value of -3 + (2 + -6 - -10)?
3
What is -8 + 8 + 0 + 0?
0
-13 + 6 + (1 - -1)
-5
Calculate 0 + 1 - 0 - (21 - 17).
-3
Evaluate -15 + (19 - 8) + 5 + 0.
1
Calculate (-2 - -3 - (-4 - -3)) + 3.
5
What is (14 - (-3 - -9)) + -12?
-4
Calculate 1 - 3 - (-16 + 6 + 10).
-2
What is the value of -3 + (-1 - 1) - (1 + -2)?
-4
What is the value of (4 - -2 - 2) + -8?
-4
What is the value of 4 + 2 + -3 + -4 - -3?
2
Evaluate (-5 - (-2 + 0 + -1)) + -3.
-5
-5 + -9 + 5 + 0 - -6
-3
Evaluate 17 + -20 - (-7 + 2).
2
Evaluate 4 - ((3 - 1) + 2).
0
What is 5 - (-1 - (-6 + 9)) - 6?
3
Calculate -5 - (6 + -7 + 3) - -12.
5
What is 5 + -4 - 0 - -2 - 1?
2
What is the value of (5 - (2 - 1)) + -7?
-3
Calculate 4 + 3 + -3 + -1 + 4.
7
What is the value of 3 + (4 - 7) - (2 + -3)?
1
What is -1 - (0 + -2 + 5 + -5)?
1
What is the value of 2 + 0 - -2 - 2?
2
What is 1 - -7 - (6 + -1)?
3
What is the value of -9 + 1 - (-8 + 2)?
-2
What is the value of (2 - 5) + -1 + 2?
-2
Evaluate 20 - 25 - -3 - (1 + -6).
3
Calculate 0 + (1 - 1) + -1.
-1
5 + 0 + 2 - 6
1
Evaluate -19 - (-14 - -1 - -1).
-7
What is the value of 25 + -13 + (-4 - 4)?
4
(-6 - -1) + 1 - -1 - -2
-1
Evaluate -6 + 0 + (3 - 1) + -3.
-7
What is the value of (0 - -2) + (2 - -1)?
5
Calculate 2 + (5 - 8) - -2.
1
Calculate -1 + (0 - 3) + 8.
4
Evaluate (8 - ((-2 - -3) + -2)) + -5.
4
Evaluate -4 + -7 + 12 + 6.
7
Evaluate -18 - (-12 - 5) - (1 - -7).
-9
-2 - ((2 - 12) + 4)
4
What is the value of (1 - 3) + 9 + -5?
2
What is 21 + -8 + (3 - 10)?
6
What is -5 + 6 + 4 - 4?
1
What is the value of -19 + 11 + 4 + -2?
-6
Calculate 12 + -30 - (-12 + 3).
-9
What is -2 - (-3 - (-10 + 5 + -1))?
-5
What is the value of 11 + (-6 - (-8 - -11))?
2
Calculate 3 - 9 - (-7 + -1 + 4).
-2
Evaluate (-1 - (-4 + 8)) + -2 + 4.
-3
What is the value of -1 - (8 - (-4 + 16))?
3
-2 + 5 + (2 - 4) + -9
-8
What is the value of 5 - -1 - (6 - 3)?
3
What is -2 - (1 + 1 + -2)?
-2
Evaluate (7 - 8) + (-2 - 2) + 7.
2
Calculate 2 - (8 + 2 + -4).
-4
16 + -3 + -6 + -5
2
What is the value of (-3 - -9 - 8 - 10) + 2?
-10
Calculate -4 - (-1 - (0 + 3) - -5).
-5
What is the value of -9 + 10 + -2 + -4 + 2?
-3
What is the value of 8 - (8 + 4 - -2)?
-6
-12 - -7 - (-5 + (1 - 5))
4
Calculate (5 - 19 - (-8 - -1)) + 12.
5
What is -5 + 0 - -4 - -3?
2
Calculate 8 + -7 + 9 + -2.
8
Evaluate 9 + 5 + -21 + 7.
0
-3 + (-2 - -5) - 1 - -3
2
(4 - -3) + 0 - 13
-6
14 + -9 - (18 - 6)
-7
Calculate -7 + 6 - (3 + -6 + 4).
-2
Evaluate -6 + (-3 - 11) + 13.
-7
Evaluate 2 + -6 + 3 + 4 + 0.
3
What is the value of (-5 - (-14 - -19)) + 4?
-6
What is -7 + -3 + 5 + 2?
-3
Evaluate 4 - (0 + (-3 - -6)).
1
9 - 5 - 8 - -3 - -6
5
What is the value of 12 + 0 + -7 + 2 - 5?
2
Evaluate 7 + (4 - (3 - -5)).
3
What is the value of (-10 - -21 - 20) + (1 - -2)?
-6
What is 0 + -5 - (-7 + 1)?
1
What is the value of -9 + 18 - 22 - -6?
-7
What is the value of (-15 - -18) + (1 - 10)?
-6
Evaluate 0 - (9 + -1 - 7) - -5.
4
1 + -1 - 6 - (-82 + 80)
-4
What is the value of -1 + (-2 - -4) + 2 + 1?
4
Evaluate 4 - ((3 - (1 - 0)) + 2).
0
Calculate 6 - (-2 - 5 - -7).
6
11 + 50 + -45 + -10 + 1
7
What is the value of 8 + -5 + -3 + -4 + 5?
1
What is the value of 2 + -12 - (8 + -17)?
-1
What is the value of -2 + (2 - 0) + (1 - 5)?
-4
(10 + -18 - -17) + -4
5
What is 5 + (-1 - (3 + -3 + 0))?
4
-93 - -101 - (9 - 1)
0
What is 10 + 0 + -5 + -5?
0
What is 2 + -2 + (-3 - 4 - -10)?
3
What is the value of 4 + -6 + -1 + 1 + 2?
0
What is the value of (4 - 4) + (2 - 3)?
-1
What is the value of 4 + 0 - 3 - 4?
-3
What is -4 + 2 + 7 - (1 + -1)?
5
What is -2 + (5 - ((2 - 1) + -3))?
5
What is -1 - (0 + (7 - 12)) - -3?
7
Calculate -1 + 11 - (101 - 86).
-5
What is -139 - -131 - (-1 + -1)?
-6
Evaluate -12 +